ppose w*v + 117 = 1142. Is v a composite number?
True
Let x(j) = 203*j + 2. Suppose -m + 4 - 1 = 0. Suppose m*v - 4 = -1. Is x(v) composite?
True
Let v = 174 - -891. Suppose 5*m - v = -95. Is m a prime number?
False
Let r(k) = 308*k**3 - 3*k + 2. Let i(s) = -2*s + 13. Let u be i(6). Is r(u) a composite number?
False
Suppose 4*i + 5*o = 25, -4*i - 3*o + 12 = -3. Suppose i = 3*z - 47 - 10. Is z composite?
False
Let n(j) = j**3 - 5*j**2 + 4*j - 6. Let h be n(5). Let t = 19 - h. Is -22*(55/(-2))/t composite?
True
Suppose 9*c - 4*c = 9370. Let t = c + -1163. Suppose -7*l + 2*l + 1780 = -5*v, -2*l + t = -v. Is l a composite number?
True
Suppose -5*n + 4435 - 480 = 0. Is n a prime number?
False
Let j(u) = u**3 + u**2 + u. Let i be j(-1). Let x(d) be the second derivative of -41*d**3/6 - 2*d**2 - 48*d. Is x(i) a composite number?
False
Suppose 4*b - 1563 - 168 = -k, -409 = -b - 5*k. Is (b/(-28))/(11/6 + -2) prime?
False
Suppose 2*m - 4 = -k, -k = k. Suppose j - 264 = m*o + 68, -j = -3*o - 335. Is j a composite number?
True
Let p be (5814 - 0) + (-3 - 0). Suppose 3*y + 6 = 0, 3*z + 2*z + 2*y - p = 0. Is z a composite number?
False
Suppose -l - 5*k + 42 + 7 = 0, 0 = -2*k + 2. Suppose 0 = -5*i + 23 + 2. Suppose 2*d - l = -i*h + 123, 5*h = -5*d + 155. Is h a prime number?
False
Let f(d) = -624*d + 0 - 12 + 706*d - 5. Let s(k) = k + 1. Let h be s(6). Is f(h) prime?
True
Suppose 11*w - 18957 = 6970. Is w a composite number?
False
Let l(k) = -k**3 - 13*k**2 + 22*k + 111. Is l(-20) a prime number?
False
Suppose -10 = 5*m, 0 = 3*x + 4*m - 60 - 1042. Let u(w) = 4*w - 3. Let i be u(2). Is x/i - 6/(-2) a prime number?
False
Let m be (2 - 1) + -1 - -4. Suppose -352 = -m*r + 360. Is r composite?
True
Suppose -7*f + 211123 = 48156. Is f prime?
False
Suppose 2*c - 28 = -5*o, 4*c + 0 = -2*o + 8. Let f(j) = 128*j - 31. Let p(r) = -64*r + 16. Let b(v) = 3*f(v) + 5*p(v). Is b(o) composite?
True
Let s = -16201 - -22964. Suppose -5*x = -2*d + s, -5*d + 5*x - 6558 + 23488 = 0. Is d composite?
False
Suppose 5*j = -3*b + 34 - 15, -3*b = j - 11. Suppose 3*z + 5*w - 30 = 0, 6 = b*z - w - 6. Suppose 5*f - 2*n - 1975 = -z*n, -2*n = f - 395. Is f a prime number?
False
Suppose -3*q - 31134 = -3*j + 5553, 3*q = -6. Is j a prime number?
True
Suppose 7*k - 9*k + 9370 = 0. Is (-8)/(-10)*k/2 prime?
False
Is 12/(-66) - (-36414)/22 a prime number?
False
Suppose 5*r + 5*q = 1015, 0 = -2*r - q - 36 + 441. Let h = -59 + r. Is h a prime number?
False
Let l = -20 + 29. Is 1/((-12)/l) - 4334/(-8) composite?
False
Let o(k) = -k**2 + 11*k - 8. Let j be o(10). Let t be ((-8)/(-4) - -235) + j. Suppose -5*n + 146 = -t. Is n composite?
True
Let a(c) = 1899*c + 38. Is a(5) prime?
True
Suppose 5*i - 217 - 38 = -5*d, 0 = 5*d + 3*i - 263. Suppose -d = -6*p - 13. Is p a prime number?
True
Let f = -167 - -99. Let u be (187/(-3))/((-3)/9). Let v = f + u. Is v composite?
True
Let x = -4 + 8. Suppose 2*l - x - 14 = 0. Suppose 608 = 3*p + 2*p - g, l = -3*g. Is p prime?
False
Let v(z) = 5*z**3 + 11*z**2 + 10*z - 14. Let y(k) = 11*k**3 + 23*k**2 + 21*k - 29. Let s(p) = -9*v(p) + 4*y(p). Is s(-6) prime?
False
Suppose u = r - 1702, -r + 1217 = -5*u - 469. Is r composite?
True
Suppose -613 = -11*h + 289. Let r = 23 + -36. Let i = h + r. Is i composite?
True
Suppose -10*u - 3010 = -5*u. Suppose -301 - 88 = y. Let d = y - u. Is d a composite number?
True
Let l(c) be the second derivative of -c**4/12 + 7*c**3/6 - 6*c**2 - 8*c. Let u be l(-7). Let w = u - -361. Is w a prime number?
True
Let f be 11/(-1 + 140/138). Let d = f - 362. Is d prime?
True
Let q be -8*1/(-6)*132. Let w = q + -94. Is w a composite number?
True
Let c(j) = 15*j - 28. Let h(b) = -10*b + 19. Let v(t) = 5*c(t) + 7*h(t). Let g(k) = k**2 + 1. Let d(z) = 6*g(z) + v(z). Is d(-6) a composite number?
True
Let p be -147*(5 - -50)/(-5). Suppose 0*h - 3213 = -4*h - 5*v, 2*h = v + p. Is h a composite number?
True
Suppose -22 = -3*f - 10. Suppose -y = 3*h - 2255, -f = -3*h + 2*h. Is y a composite number?
False
Is (-2)/(4*(-6)/11508) a prime number?
False
Let w be ((-25)/1 - -2)*-13. Suppose 4*q + 2*f - 3848 = 0, -f - 3*f = 3*q - 2876. Suppose -5*h - w = -q. Is h a composite number?
True
Let w(q) = 7*q - 1. Let x be w(1). Suppose 72 = 4*y + 5*d, y + y = 5*d + x. Suppose 15*n - y*n - 446 = 0. Is n composite?
False
Suppose 6*w - 519 = -s + w, 2*s - 1078 = -2*w. Let q = s + -149. Is q a prime number?
False
Let y(m) = m**3 - 9*m**2 - 16*m + 17. Let c(j) = -j**3 + 12*j**2 - 9*j - 10. Let a be c(11). Is y(a) a composite number?
False
Suppose 44824 = -37*k + 195525. Is k a prime number?
True
Let x = -4749 + 11917. Let g = x + -4995. Is g a prime number?
False
Suppose -93*x = -3927855 - 2753544. Is x a prime number?
True
Is 3*1 - (-6 - -4)*11368 a prime number?
True
Let z = 9072 + -1885. Is z a composite number?
False
Suppose 2*l = -3*w - 2*w + 386687, 232037 = 3*w - 5*l. Is w prime?
True
Let v(u) = 10842*u - 31. Is v(2) composite?
True
Let g(o) = -707*o. Let w be g(1). Let i = 1194 + w. Let z = -74 + i. Is z a composite number?
True
Is (1751 + 2)*(2 - 1) a composite number?
False
Is 0 + 523 + (-6 + 7)*3 a composite number?
True
Suppose 2143 - 236 = l. Is l prime?
True
Suppose u - 5 = 6*u. Let g be (-2 - 1) + (7 - u). Suppose 0 = 4*b - b + g*y - 128, 4*b - 219 = 3*y. Is b composite?
True
Let a = -1824 - -3335. Is a a prime number?
True
Suppose -2695 = -9*r + 4*r. Suppose 157 - 613 = -2*g. Let m = r - g. Is m a prime number?
True
Let z = 36 - 38. Is 13755/42*(-4)/z prime?
False
Suppose -l = s - 1216, s = -2*l - 361 + 1580. Is s composite?
False
Let l = 6384 - -2647. Is l a prime number?
False
Let q(f) = 55*f**2 - 11*f. Let j be q(-5). Let t = j - 928. Is (t/(-4))/(1/(-2)) a prime number?
True
Suppose -2*d - 3*d - 4 = -w, 0 = 4*d + w - 4. Suppose -3*o + i = -6, -5*o + 2*i + i + 6 = d. Suppose -3*x + 598 - 170 = 2*j, o*j - 4*x = 625. Is j prime?
True
Let v(b) = 378*b**2 + 3*b - 2. Let t be v(1). Let w = -236 + t. Is w a composite number?
True
Suppose -34*u + 30*u = -12. Suppose 1267 = u*z - 4436. Is z composite?
False
Let w be 27/6*(-8)/(-12). Suppose 0 = 3*i - 4*y - 16, -4 + 2 = 2*y. Suppose -i*m - w*f + 2354 = m, 2*m = -4*f + 950. Is m composite?
True
Suppose 0*j - j + 14 = -3*g, 0 = g - j + 6. Let m be (-2)/g - 171/18. Let o = m + 22. Is o a composite number?
False
Let t(p) = -4*p**3 - 15*p**2 + 28*p + 59. Is t(-14) a prime number?
True
Let g be (14/28)/((-2)/(-12)). Suppose -7*a + g*a - z = -872, -5*z - 436 = -2*a. Is a a composite number?
True
Let c(z) = z**3 + 4*z**2 - 4*z + 3. Let s be c(-5). Let i = 0 - s. Suppose -i*k - 785 = -7*k. Is k a prime number?
True
Suppose -2*g - 284 = 502. Let x = 580 + g. Is x composite?
True
Let i be 260/15 - 1/3. Suppose -2*t = 5*l - 21, 0 = -2*t - 3*l - 2 + i. Suppose 66 = n - t. Is n prime?
False
Let x = 47375 - 23958. Is x prime?
True
Let f be 12/3 - (-2 - -2). Let i(k) = -3*k - f*k**3 - 3 - 1 + 3*k**3 - 2*k**2 + 0. Is i(-5) prime?
False
Let s(m) = -3*m**2 + 3*m - 9. Let l be s(5). Let f = l + 120. Suppose 216 - f = 3*d. Is d a composite number?
True
Let m be (((-190)/(-15))/(-2))/(2/(-234)). Let d = m - 240. Is d a prime number?
False
Suppose -9*f + 24863 = 5702. Is f a composite number?
False
Suppose -21134 - 67776 = -10*y. Is y a composite number?
True
Let f be 1*(-5)/((-5)/3). Suppose -7 = f*l - 25. Let j(w) = 6*w**2 - 3*w + 5. Is j(l) prime?
False
Suppose -108*m + 364355 = -386569. Is m composite?
True
Suppose 0 = -7*f + 55 + 43. Is 26620/f + (-39)/91 a prime number?
True
Let q be 4*3/6 - 1/1. Is q - 1 - (-165 - -2) a prime number?
True
Let f(q) = -6*q**2 - 12*q - 3. Let a be f(-11). Let p = a - -114. Let c = -278 - p. Is c a composite number?
True
Let u(d) = 51*d**2 + 8*d + 4. Let l be u(-6). Let t = 1337 + -1334. Suppose -463 + l = t*i. Is i prime?
True
Let d(l) = 251*l + 72. Is d(7) composite?
True
Is (2*18/(-60))/((-1)/1315) composite?
True
Let g(l) = l + 327. Let w(k) = 2*k + 326. Let z(s) = 3*g(s) - 2*w(s). Let p = 107 + -107. Is z(p) prime?
False
Let l be 302/(-3)*(-12)/8. Is (3 + -1)*l - 3 composite?
True
Suppose -5*i = 2*v - 32, 0*v + 17 = v + 2*i. Let b be 6/v + 145/7. Suppose -16*d - 95 = -b*d. Is d prime?
True
Let h(r) = r**3 - 11*r**2 + 12*r - 15. Let x be h(10). Let f = x - 0. Suppose 0*k - 48 = -5*m + 2*k, 